{"id":1694,"date":"2024-04-16T09:11:38","date_gmt":"2024-04-16T09:11:38","guid":{"rendered":"https:\/\/elrogle.es\/?post_type=formacion&#038;p=1694"},"modified":"2024-06-14T08:52:12","modified_gmt":"2024-06-14T08:52:12","slug":"memoria-democratica-y-crimenes-de-esa-humanidad","status":"publish","type":"formacion","link":"https:\/\/elrogle.es\/cas\/formacion\/memoria-democratica-y-crimenes-de-esa-humanidad\/","title":{"rendered":"Memoria democr\u00e1tica y cr\u00edmenes de lesa humanidad"},"content":{"rendered":"<p>Exposici\u00f3 sobre les conseq\u00fc\u00e8ncies dels crims de lesa humanitat comesos durant la dictadura franquista. Analitzem a la llum del Dret Internacional la falta de just\u00edcia transicional en l&#8217;Estat espanyol i comparem el proc\u00e9s amb altres contextos europeus i llatinoamericans.<\/p>","protected":false},"featured_media":0,"menu_order":0,"template":"","meta":{"_acf_changed":false},"acf":[],"yoast_head":"<!-- This site is optimized with the Yoast SEO plugin v20.10 - https:\/\/yoast.com\/wordpress\/plugins\/seo\/ -->\n<title>Mem\u00f2ria democr\u00e0tica i crims de lesa humanitat | El Rogle<\/title>\n<meta name=\"robots\" content=\"index, follow, max-snippet:-1, max-image-preview:large, max-video-preview:-1\" \/>\n<link rel=\"canonical\" href=\"https:\/\/elrogle.es\/cas\/formacion\/memoria-democratica-y-crimenes-de-esa-humanidad\/\" \/>\n<meta property=\"og:locale\" content=\"es_ES\" \/>\n<meta property=\"og:type\" content=\"article\" \/>\n<meta property=\"og:title\" content=\"Mem\u00f2ria democr\u00e0tica i crims de lesa humanitat | El Rogle\" \/>\n<meta property=\"og:description\" content=\"Exposici\u00f3 sobre les conseq\u00fc\u00e8ncies dels crims de lesa humanitat comesos durant la dictadura franquista. Analitzem a la llum del Dret Internacional la falta de just\u00edcia transicional en l&#8217;Estat espanyol i comparem el proc\u00e9s amb altres contextos europeus i llatinoamericans.\" \/>\n<meta property=\"og:url\" content=\"https:\/\/elrogle.es\/cas\/formacion\/memoria-democratica-y-crimenes-de-esa-humanidad\/\" \/>\n<meta property=\"og:site_name\" content=\"El Rogle\" \/>\n<meta property=\"article:modified_time\" content=\"2024-06-14T08:52:12+00:00\" \/>\n<meta name=\"twitter:card\" content=\"summary_large_image\" \/>\n<meta name=\"twitter:label1\" content=\"Tiempo de lectura\" \/>\n\t<meta name=\"twitter:data1\" content=\"1 minuto\" \/>\n<script type=\"application\/ld+json\" class=\"yoast-schema-graph\">{\"@context\":\"https:\/\/schema.org\",\"@graph\":[{\"@type\":\"WebPage\",\"@id\":\"https:\/\/elrogle.es\/formacion\/memoria-democratica-y-crimenes-de-esa-humanidad\/\",\"url\":\"https:\/\/elrogle.es\/formacion\/memoria-democratica-y-crimenes-de-esa-humanidad\/\",\"name\":\"Mem\u00f2ria democr\u00e0tica i crims de lesa humanitat | El Rogle\",\"isPartOf\":{\"@id\":\"https:\/\/elrogle.es\/#website\"},\"datePublished\":\"2024-04-16T09:11:38+00:00\",\"dateModified\":\"2024-06-14T08:52:12+00:00\",\"breadcrumb\":{\"@id\":\"https:\/\/elrogle.es\/formacion\/memoria-democratica-y-crimenes-de-esa-humanidad\/#breadcrumb\"},\"inLanguage\":\"es\",\"potentialAction\":[{\"@type\":\"ReadAction\",\"target\":[\"https:\/\/elrogle.es\/formacion\/memoria-democratica-y-crimenes-de-esa-humanidad\/\"]}]},{\"@type\":\"BreadcrumbList\",\"@id\":\"https:\/\/elrogle.es\/formacion\/memoria-democratica-y-crimenes-de-esa-humanidad\/#breadcrumb\",\"itemListElement\":[{\"@type\":\"ListItem\",\"position\":1,\"name\":\"Home\",\"item\":\"https:\/\/elrogle.es\/\"},{\"@type\":\"ListItem\",\"position\":2,\"name\":\"Mem\u00f2ria democr\u00e0tica i crims de lesa humanitat\"}]},{\"@type\":\"WebSite\",\"@id\":\"https:\/\/elrogle.es\/#website\",\"url\":\"https:\/\/elrogle.es\/\",\"name\":\"El Rogle\",\"description\":\"Mediaci\u00f3, Recerca i Advocacia\",\"publisher\":{\"@id\":\"https:\/\/elrogle.es\/#organization\"},\"potentialAction\":[{\"@type\":\"SearchAction\",\"target\":{\"@type\":\"EntryPoint\",\"urlTemplate\":\"https:\/\/elrogle.es\/?s={search_term_string}\"},\"query-input\":\"required name=search_term_string\"}],\"inLanguage\":\"es\"},{\"@type\":\"Organization\",\"@id\":\"https:\/\/elrogle.es\/#organization\",\"name\":\"El Rogle\",\"url\":\"https:\/\/elrogle.es\/\",\"logo\":{\"@type\":\"ImageObject\",\"inLanguage\":\"es\",\"@id\":\"https:\/\/elrogle.es\/#\/schema\/logo\/image\/\",\"url\":\"https:\/\/elrogle.es\/wp-content\/uploads\/2024\/04\/cropped-RGBlogo_elrogle_B_negatiu-1.png\",\"contentUrl\":\"https:\/\/elrogle.es\/wp-content\/uploads\/2024\/04\/cropped-RGBlogo_elrogle_B_negatiu-1.png\",\"width\":500,\"height\":143,\"caption\":\"El Rogle\"},\"image\":{\"@id\":\"https:\/\/elrogle.es\/#\/schema\/logo\/image\/\"}}]}<\/script>\n<!-- \/ Yoast SEO plugin. -->","yoast_head_json":{"title":"Mem\u00f2ria democr\u00e0tica i crims de lesa humanitat | El Rogle","robots":{"index":"index","follow":"follow","max-snippet":"max-snippet:-1","max-image-preview":"max-image-preview:large","max-video-preview":"max-video-preview:-1"},"canonical":"https:\/\/elrogle.es\/cas\/formacion\/memoria-democratica-y-crimenes-de-esa-humanidad\/","og_locale":"es_ES","og_type":"article","og_title":"Mem\u00f2ria democr\u00e0tica i crims de lesa humanitat | El Rogle","og_description":"Exposici\u00f3 sobre les conseq\u00fc\u00e8ncies dels crims de lesa humanitat comesos durant la dictadura franquista. Analitzem a la llum del Dret Internacional la falta de just\u00edcia transicional en l&#8217;Estat espanyol i comparem el proc\u00e9s amb altres contextos europeus i llatinoamericans.","og_url":"https:\/\/elrogle.es\/cas\/formacion\/memoria-democratica-y-crimenes-de-esa-humanidad\/","og_site_name":"El Rogle","article_modified_time":"2024-06-14T08:52:12+00:00","twitter_card":"summary_large_image","twitter_misc":{"Tiempo de lectura":"1 minuto"},"schema":{"@context":"https:\/\/schema.org","@graph":[{"@type":"WebPage","@id":"https:\/\/elrogle.es\/formacion\/memoria-democratica-y-crimenes-de-esa-humanidad\/","url":"https:\/\/elrogle.es\/formacion\/memoria-democratica-y-crimenes-de-esa-humanidad\/","name":"Mem\u00f2ria democr\u00e0tica i crims de lesa humanitat | El Rogle","isPartOf":{"@id":"https:\/\/elrogle.es\/#website"},"datePublished":"2024-04-16T09:11:38+00:00","dateModified":"2024-06-14T08:52:12+00:00","breadcrumb":{"@id":"https:\/\/elrogle.es\/formacion\/memoria-democratica-y-crimenes-de-esa-humanidad\/#breadcrumb"},"inLanguage":"es","potentialAction":[{"@type":"ReadAction","target":["https:\/\/elrogle.es\/formacion\/memoria-democratica-y-crimenes-de-esa-humanidad\/"]}]},{"@type":"BreadcrumbList","@id":"https:\/\/elrogle.es\/formacion\/memoria-democratica-y-crimenes-de-esa-humanidad\/#breadcrumb","itemListElement":[{"@type":"ListItem","position":1,"name":"Home","item":"https:\/\/elrogle.es\/"},{"@type":"ListItem","position":2,"name":"Mem\u00f2ria democr\u00e0tica i crims de lesa humanitat"}]},{"@type":"WebSite","@id":"https:\/\/elrogle.es\/#website","url":"https:\/\/elrogle.es\/","name":"El Rogle","description":"Mediaci\u00f3, Recerca i Advocacia","publisher":{"@id":"https:\/\/elrogle.es\/#organization"},"potentialAction":[{"@type":"SearchAction","target":{"@type":"EntryPoint","urlTemplate":"https:\/\/elrogle.es\/?s={search_term_string}"},"query-input":"required name=search_term_string"}],"inLanguage":"es"},{"@type":"Organization","@id":"https:\/\/elrogle.es\/#organization","name":"El Rogle","url":"https:\/\/elrogle.es\/","logo":{"@type":"ImageObject","inLanguage":"es","@id":"https:\/\/elrogle.es\/#\/schema\/logo\/image\/","url":"https:\/\/elrogle.es\/wp-content\/uploads\/2024\/04\/cropped-RGBlogo_elrogle_B_negatiu-1.png","contentUrl":"https:\/\/elrogle.es\/wp-content\/uploads\/2024\/04\/cropped-RGBlogo_elrogle_B_negatiu-1.png","width":500,"height":143,"caption":"El Rogle"},"image":{"@id":"https:\/\/elrogle.es\/#\/schema\/logo\/image\/"}}]}},"_links":{"self":[{"href":"https:\/\/elrogle.es\/cas\/wp-json\/wp\/v2\/formacion\/1694"}],"collection":[{"href":"https:\/\/elrogle.es\/cas\/wp-json\/wp\/v2\/formacion"}],"about":[{"href":"https:\/\/elrogle.es\/cas\/wp-json\/wp\/v2\/types\/formacion"}],"wp:attachment":[{"href":"https:\/\/elrogle.es\/cas\/wp-json\/wp\/v2\/media?parent=1694"}],"curies":[{"name":"wp","href":"https:\/\/api.w.org\/{rel}","templated":true}]}}

Memoria democrática y crímenes de lesa humanidad

<p>Exposició sobre les conseqüències dels crims de lesa humanitat comesos durant la dictadura franquista. Analitzem a la llum del Dret Internacional la falta de justícia transicional en l&#8217;Estat espanyol i comparem el procés amb altres contextos europeus i llatinoamericans.</p>

<!-- This site is optimized with the Yoast SEO plugin v20.10 - https://yoast.com/wordpress/plugins/seo/ -->
<title>Memòria democràtica i crims de lesa humanitat | El Rogle</title>
<meta name="robots" content="index, follow, max-snippet:-1, max-image-preview:large, max-video-preview:-1" />
<link rel="canonical" href="https://elrogle.es/cas/formacion/memoria-democratica-y-crimenes-de-esa-humanidad/" />
<meta property="og:locale" content="es_ES" />
<meta property="og:type" content="article" />
<meta property="og:title" content="Memòria democràtica i crims de lesa humanitat | El Rogle" />
<meta property="og:description" content="Exposició sobre les conseqüències dels crims de lesa humanitat comesos durant la dictadura franquista. Analitzem a la llum del Dret Internacional la falta de justícia transicional en l&#8217;Estat espanyol i comparem el procés amb altres contextos europeus i llatinoamericans." />
<meta property="og:url" content="https://elrogle.es/cas/formacion/memoria-democratica-y-crimenes-de-esa-humanidad/" />
<meta property="og:site_name" content="El Rogle" />
<meta property="article:modified_time" content="2024-06-14T08:52:12+00:00" />
<meta name="twitter:card" content="summary_large_image" />
<meta name="twitter:label1" content="Tiempo de lectura" />
	<meta name="twitter:data1" content="1 minuto" />
<script type="application/ld+json" class="yoast-schema-graph">{"@context":"https://schema.org","@graph":[{"@type":"WebPage","@id":"https://elrogle.es/formacion/memoria-democratica-y-crimenes-de-esa-humanidad/","url":"https://elrogle.es/formacion/memoria-democratica-y-crimenes-de-esa-humanidad/","name":"Memòria democràtica i crims de lesa humanitat | El Rogle","isPartOf":{"@id":"https://elrogle.es/#website"},"datePublished":"2024-04-16T09:11:38+00:00","dateModified":"2024-06-14T08:52:12+00:00","breadcrumb":{"@id":"https://elrogle.es/formacion/memoria-democratica-y-crimenes-de-esa-humanidad/#breadcrumb"},"inLanguage":"es","potentialAction":[{"@type":"ReadAction","target":["https://elrogle.es/formacion/memoria-democratica-y-crimenes-de-esa-humanidad/"]}]},{"@type":"BreadcrumbList","@id":"https://elrogle.es/formacion/memoria-democratica-y-crimenes-de-esa-humanidad/#breadcrumb","itemListElement":[{"@type":"ListItem","position":1,"name":"Home","item":"https://elrogle.es/"},{"@type":"ListItem","position":2,"name":"Memòria democràtica i crims de lesa humanitat"}]},{"@type":"WebSite","@id":"https://elrogle.es/#website","url":"https://elrogle.es/","name":"El Rogle","description":"Mediació, Recerca i Advocacia","publisher":{"@id":"https://elrogle.es/#organization"},"potentialAction":[{"@type":"SearchAction","target":{"@type":"EntryPoint","urlTemplate":"https://elrogle.es/?s={search_term_string}"},"query-input":"required name=search_term_string"}],"inLanguage":"es"},{"@type":"Organization","@id":"https://elrogle.es/#organization","name":"El Rogle","url":"https://elrogle.es/","logo":{"@type":"ImageObject","inLanguage":"es","@id":"https://elrogle.es/#/schema/logo/image/","url":"https://elrogle.es/wp-content/uploads/2024/04/cropped-RGBlogo_elrogle_B_negatiu-1.png","contentUrl":"https://elrogle.es/wp-content/uploads/2024/04/cropped-RGBlogo_elrogle_B_negatiu-1.png","width":500,"height":143,"caption":"El Rogle"},"image":{"@id":"https://elrogle.es/#/schema/logo/image/"}}]}</script>
<!-- / Yoast SEO plugin. -->

Memòria democràtica i crims de lesa humanitat | El Rogle

Exposició sobre les conseqüències dels crims de lesa humanitat comesos durant la dictadura franquista. Analitzem a la llum del Dret Internacional la falta de justícia transicional en l&#8217;Estat espanyol i comparem el procés amb altres contextos europeus i llatinoamericans.

Memòria democràtica i crims de lesa humanitat

Mediació, Recerca i Advocacia
